ctors of c(-2)?
3, 3637
Let h = -7030 + 8960. List the prime factors of h.
2, 5, 193
Let j = 66 + -63. Suppose -4*d - 3*a = -4, -j*a + 4 = 4*d - a. What are the prime factors of (23/1 + d)*171/76?
2, 3
Suppose -22*g - 81*g = -91460 - 43573. What are the prime factors of g?
3, 19, 23
What are the prime factors of (-694)/(-694)*(2 + 32867 + -2)?
23, 1429
Let s(t) = -20 + t**2 + 20 - 6*t + t - 27. What are the prime factors of s(-27)?
3, 31
Let s = -408 - -753. Suppose 8*v = s + 2063. What are the prime factors of v?
7, 43
Let t(h) be the third derivative of 0*h + 2/3*h**4 + 0 + 18*h**2 + 5/6*h**3 + 2/5*h**5 + 1/60*h**6. What are the prime factors of t(-10)?
5, 7
Suppose 231*u - 2980677 - 3719997 = 896916. What are the prime factors of u?
2, 5, 11, 13, 23
Let f = 1793 - -9896. List the prime factors of f.
11689
Let v(h) = h + 2. Let o be 1*3*5/15. Let g be v(o). Suppose -g*r = -6*r + 87. List the prime factors of r.
29
Let z = 20677 - 9909. What are the prime factors of z?
2, 673
Suppose -6*n = -55041 - 15789. What are the prime factors of n?
3, 5, 787
Suppose f = 5*c + 61, 5*f = -4*c + 9*c + 225. Let l = f - 83. Let y = l + 146. List the prime factors of y.
2, 13
Suppose -h - 22 = -n - 5*h, -2*n = 2*h - 14. Suppose -t - 3 = f, -2*t + f - 1 = n. What are the prime factors of 2/t - (-148)/4?
2, 3
Suppose 5*f = -t + 2*t - 28, -2*f = 2*t - 20. Suppose 22*v = t*v + 1602. What are the prime factors of v?
2, 89
Let x(l) = -38*l**2 + 415*l + 4. What are the prime factors of x(6)?
2, 563
Let f(z) = -z + 15. Let y be f(10). Let c be 4/y - (-686)/5. Suppose 3*r - c = -4*n, -10 = 4*r + r. List the prime factors of n.
2, 3
Suppose 17*d - 46959 = 39785 + 97145. List the prime factors of d.
29, 373
What are the prime factors of (27766 - 3*8/(-6))*3/5?
2, 3, 2777
Suppose -2*n + 1980 = -y, -4*n - y - 3*y = -3936. What are the prime factors of (n/12)/(5/90*6)?
13, 19
Suppose 1063945 - 112897 = 68*p. List the prime factors of p.
2, 3, 7, 37
Let r(f) = -204*f - 82. Suppose 2*t = -13*t - 90. What are the prime factors of r(t)?
2, 571
Let f(v) = 2*v**3 - 22*v**2 + 63*v - 27. List the prime factors of f(21).
2, 3, 281
List the prime factors of (-10)/(-260) + (-994098)/(-468)*21.
3, 14869
Let x be 4/(-26) - (42616/(-13) + -2). Suppose -x = 12*z - 2*z. What are the prime factors of z/(-16) - (-2)/4?
3, 7
Let z = 45910 - 9125. List the prime factors of z.
5, 7, 1051
Let h(l) = 2*l - 67*l + 4*l - 12 - 29*l. List the prime factors of h(-12).
2, 3, 89
Suppose m - 3151 = -9*t, 431 = 2*t - 5*m - 264. List the prime factors of t.
2, 5, 7
Suppose 431*c = -200*c + 28360295. What are the prime factors of c?
5, 89, 101
Let h be -3 + (-9)/45 + 12/10. Let t be 428 - (14 - 9)*h/(-5). What are the prime factors of (4 - (-56)/(-12))/((-2)/t)?
2, 71
Let k(p) = -9*p**2 - 11*p + 3. Let v be k(-2). Let l = 27 + v. List the prime factors of l.
2
Suppose 2*j + 3*t = 1770, -t - 1957 = -3*j + 720. Let p = j + -597. Suppose -19*x = -12*x - p. What are the prime factors of x?
2, 3, 7
Let t(l) = 4*l**3 - 2*l**2 + 1. Let i be t(1). Let x be (36/i)/((-1)/4). What are the prime factors of ((-15)/(-4))/((-2)/x)?
2, 3, 5
Suppose -5*t = 21*z - 23*z - 51216, 4*t + 2*z = 40980. What are the prime factors of t?
2, 13, 197
Let a(y) = -372*y + 1812. What are the prime factors of a(-17)?
2, 3, 113
Suppose -88*d = -84*d - 8. Let n(k) = 2 - 2 - 2 + 177*k**d - 1 - k. What are the prime factors of n(-1)?
5, 7
What are the prime factors of (0 - 6)*((-87944)/16 - 32)?
3, 11057
Suppose -47*r - 234*r = -53987 - 199756. List the prime factors of r.
3, 7, 43
Suppose -11820 = -w + 7*t, -44*w + 49*w + 3*t - 58910 = 0. What are the prime factors of w?
5, 2357
Suppose 0 = q + 5*q + 6. Let n(u) = 2*u + 8. Let b be n(q). List the prime factors of 209/2 - (-3)/b.
3, 5, 7
Suppose 5*l - 14*u = -10*u + 3, 3*l + 3*u = 18. Suppose 0 = -5*f + 4*i + 1376, -l*f + 5*i + 1375 = 2*f. What are the prime factors of f?
2, 3, 23
List the prime factors of (((-58)/4)/(3/(-10734)) - 2) + 4.
13, 307
Suppose 609 - 234 = 15*x. Suppose -x*m + 29*m = 28. What are the prime factors of m?
7
Let k(f) = -157*f - 8. Let p be k(-5). Suppose -p + 2619 = v. Suppose -375 = 9*m - v. What are the prime factors of m?
163
Let o = -471 - -3884. What are the prime factors of o?
3413
Suppose 3*r + 347136 = 13*r + 22*r. What are the prime factors of r?
2, 3, 113
Suppose -24516 = -3*s - 5*u + 11643, -u = 4*s - 48229. What are the prime factors of s?
2, 6029
Suppose -o = -4*z - 50564, -2*z - 171669 - 30559 = -4*o. List the prime factors of o.
2, 3, 11, 383
What are the prime factors of (10232/(-32))/(((-14)/(-40))/(-7))?
5, 1279
Let n = -448 - -2388. Suppose 1801 = 5*w - b - 618, -2*b = -4*w + n. Let m = w + -229. What are the prime factors of m?
2, 127
Let y(p) = 5*p**3 - 19*p**2 - 25*p + 1. Let c(j) = 2*j**3 - 7*j**2 - 8*j. Let h(t) = -8*c(t) + 3*y(t). List the prime factors of h(-10).
1013
Let k be 228/42 + (-6)/14. Suppose 0 = 3*r + 4*x + x + 36, -4*r - k*x = 48. What are the prime factors of 3/r*2*-324?
2, 3
What are the prime factors of (55664 + -1)*(-80 - -81)?
55663
Let q(h) = -321*h**3 + 7*h**2 + h - 2. Let d be q(-1). Let c(f) = f**3 + 10*f**2 + 5*f + 6. Let o be c(-5). Let a = d - o. List the prime factors of a.
3, 73
Suppose x + 3*x = -4, 0 = -2*i + 3*x - 65. List the prime factors of i/68 + 331/2.
3, 5, 11
Let t(a) = 1300*a**2 - 11*a + 3. What are the prime factors of t(2)?
3, 11, 157
Let w = 1253 - -772. List the prime factors of w.
3, 5
Let t be (-453)/30 - (-3)/30. List the prime factors of (9/(t/5))/((-3)/68).
2, 17
Let c(w) = 116*w**2 + 13*w - 48. List the prime factors of c(-6).
2, 3, 5
Suppose 2616 = -23*c + 40. List the prime factors of 12826/8 + c/448.
7, 229
Let x = -769 - -776. Suppose i = 4*d - 25, -2*d + 3*i + 1 = -24. Suppose -281 = -2*j + x*r - 2*r, 2*r + 692 = d*j. What are the prime factors of j?
2, 3, 23
Let j(u) = u**3 - u**2 + u - 1. Let p be j(1). Suppose -14 = 24*i - 17*i. List the prime factors of 59 - i*1 - (-4 + p).
5, 13
Let v = 9579 - 4217. What are the prime factors of v?
2, 7, 383
Let g(t) = -t**3 - 10*t**2 - 7*t + 10. Let h = -11 + 0. What are the prime factors of g(h)?
2, 13
Let w be (-3)/(-1)*-6*44/(-18). Suppose -9074 - 42846 = -w*n. What are the prime factors of n?
2, 5, 59
What are the prime factors of 41452/1205*(0 + 40)?
2, 43
Let u = -1912 + 7244. List the prime factors of u.
2, 31, 43
Suppose -4*c + 139 + 77 = 0. Let j = -49 + c. Suppose 315 = j*r - 5*g, -4*g + 0*g - 310 = -5*r. List the prime factors of r.
2, 29
Let l = -99 + 101. Suppose 1850 = 7*k - 2*k + 5*i, 0 = l*k + 5*i - 728. Let c = -178 + k. What are the prime factors of c?
2, 7
Let n = 48 - 45. Suppose 0 = n*q + 275 - 1070. What are the prime factors of q?
5, 53
Suppose -5*o + 9*y = 5*y - 92632, -o + 2*y + 18518 = 0. List the prime factors of o.
2, 41, 113
Let s = -156 + 84. Let v = 364 + s. What are the prime factors of v?
2, 73
Let l(m) = -2845*m + 304. List the prime factors of l(-6).
2, 7, 17, 73
Let c(v) be the third derivative of -v**4/24 - 2*v**3/3 - 11*v**2. Let o be c(-6). List the prime factors of 258 + (o/(-4))/((-8)/(-16)).
257
Let w = -8384 + 14810. List the prime factors of w.
2, 3, 7, 17
Let a = 51 + -53. Let t be -2*a*(-620)/(-16). Let m = t - 77. List the prime factors of m.
2, 3, 13
Let z(g) = g**3 + 8*g**2 - 35*g - 105. Let p be z(-11). Let k = p - -1327. List the prime factors of k.
2, 311
Suppose -3 = -11*w + 10*w. Suppose -61 = -w*x - 7. Suppose 3*z - x = -t + 38, 3*z + 4*t = 53. What are the prime factors of z?
19
What are the prime factors of 1*(-2 - -13) - (-43275 + 236)?
2, 3, 5, 7, 41
Let y be 9/(-45) + 3236/(-20). Let w = 305 + y. What are the prime factors of w?
11, 13
Let w = 22617 - -39369. What are the prime factors of w?
2, 3, 10331
Let j(p) = p**2 - 8*p - 25. Let t be j(-3). Suppose 0 = t*u - 581 - 795. List the prime factors of u.
2, 43
Suppose 3*o = 5*o + 212. Let n = -112 - o. Let z = 204 - n. What are the prime factors of z?
2, 3, 5, 7
Let u = -72 + 59. Let b = 69 + u. List the prime factors of b.
2, 7
Let b = -55 + 61. Let d = b + 98. Suppose -7*f = -9*f + d. List the prime factors of f.
2, 13
Let v(t) = -12*t - 4. Let c be v(-7). Let d = -2561 - -2638. Suppose -o + d = -c. List the prime factors of o.
157
Let 